e 14) to base 16.
-d
Convert 1 (base 3) to base 6.
1
Convert -1a (base 11) to base 4.
-111
Convert 2 (base 14) to base 6.
2
Convert -7a (base 14) to base 7.
-213
What is 2 (base 8) in base 9?
2
What is -2 (base 13) in base 7?
-2
Convert 21 (base 5) to base 6.
15
What is -11 (base 6) in base 16?
-7
What is 19 (base 10) in base 2?
10011
Convert 112 (base 7) to base 6.
134
Convert -4 (base 9) to base 3.
-11
-1 (base 11) to base 10
-1
What is 100010 (base 2) in base 7?
46
What is -43 (base 16) in base 5?
-232
What is -3 (base 4) in base 16?
-3
2 (base 7) to base 3
2
42 (base 10) to base 7
60
-6 (base 9) to base 12
-6
Convert 30 (base 4) to base 16.
c
What is 6 (base 16) in base 11?
6
Convert 7 (base 8) to base 13.
7
Convert -5 (base 8) to base 3.
-12
-3d (base 15) to base 14
-42
Convert 5d (base 14) to base 5.
313
Convert 12 (base 9) to base 13.
b
What is 112 (base 4) in base 14?
18
Convert 222 (base 4) to base 10.
42
Convert -82 (base 12) to base 11.
-8a
What is -8 (base 11) in base 9?
-8
What is 48 (base 14) in base 9?
71
34 (base 5) to base 4
103
Convert a6 (base 12) to base 13.
99
Convert 48 (base 9) to base 3.
1122
-110011 (base 3) to base 8
-510
3 (base 14) to base 12
3
What is -6 (base 7) in base 16?
-6
Convert -1111 (base 2) to base 3.
-120
What is 73 (base 15) in base 14?
7a
2 (base 12) to base 8
2
Convert 25 (base 14) to base 7.
45
Convert -32 (base 4) to base 8.
-16
Convert 13 (base 7) to base 12.
a
What is -114 (base 7) in base 5?
-220
What is a8 (base 15) in base 12?
112
7 (base 9) to base 13
7
Convert -21 (base 16) to base 15.
-23
What is 11010000 (base 2) in base 11?
17a
Convert -2 (base 8) to base 14.
-2
Convert -372 (base 10) to base 9.
-453
Convert -110 (base 8) to base 3.
-2200
Convert 346 (base 8) to base 12.
172
What is -12 (base 12) in base 4?
-32
What is -233 (base 5) in base 16?
-44
What is -33 (base 7) in base 3?
-220
Convert -11011011 (base 2) to base 15.
-e9
Convert -21 (base 11) to base 4.
-113
10c (base 14) to base 2
11010000
-302 (base 6) to base 11
-a0
Convert -5 (base 6) to base 4.
-11
3 (base 7) to base 12
3
What is -1 (base 12) in base 16?
-1
What is 11 (base 7) in base 12?
8
-111 (base 4) to base 12
-19
Convert -29 (base 14) to base 11.
-34
What is -11 (base 5) in base 16?
-6
-1 (base 16) to base 11
-1
What is -41 (base 12) in base 16?
-31
Convert -101000010 (base 2) to base 14.
-190
1024 (base 5) to base 11
117
Convert 12 (base 15) to base 12.
15
What is 3 (base 14) in base 16?
3
Convert -a9 (base 13) to base 15.
-94
What is 4 (base 10) in base 2?
100
-11 (base 8) to base 13
-9
What is 5 (base 11) in base 6?
5
6 (base 9) to base 11
6
What is -235 (base 8) in base 11?
-133
Convert 8 (base 10) to base 15.
8
Convert 42 (base 16) to base 3.
2110
36 (base 11) to base 14
2b
127 (base 13) to base 14
106
-30 (base 13) to base 16
-27
What is 2 (base 13) in base 2?
10
Convert -67 (base 16) to base 12.
-87
What is -1 (base 8) in base 13?
-1
Convert -5 (base 8) to base 10.
-5
What is 21 (base 15) in base 7?
43
Convert -12 (base 3) to base 16.
-5
Convert 2 (base 12) to base 10.
2
-7 (base 11) to base 10
-7
Convert 22 (base 8) to base 13.
15
What is -b (base 12) in base 7?
-14
52 (base 7) to base 14
29
64 (base 14) to base 16
58
Convert -1000 (base 3) to base 16.
-1b
-2 (base 5) to base 7
-2
Convert -12 (base 10) to base 13.
-c
What is -68 (base 13) in base 16?
-56
What is 120 (base 4) in base 9?
26
Convert 13 (base 4) to base 8.
7
Convert 3 (base 10) to base 7.
3
Convert 10 (base 3) to base 7.
3
What is 4 (base 16) in base 10?
4
Convert -1 (base 13) to base 2.
-1
Convert -b (base 14) to base 16.
-b
What is 100 (base 3) in base 13?
9
What is 3 (base 10) in base 5?
3
-100 (base 2) to base 14
-4
What is -13 (base 5) in base 3?
-22
-2 (base 9) to base 8
-2
2 (base 3) to base 12
2
Convert 502 (base 8) to base 13.
1ba
Convert -1002 (base 3) to base 2.
-11101
-3 (base 12) to base 4
-3
What is -25 (base 11) in base 16?
-1b
-7 (base 16) to base 8
-7
Convert 1 (base 15) to base 12.
1
Convert -35 (base 7) to base 4.
-122
Convert -d (base 14) to base 10.
-13
-1010110 (base 2) to base 11
-79
What is -45 (base 6) in base 14?
-21
What is -101101 (base 2) in base 7?
-63
Convert 2110 (base 4) to base 15.
9d
103 (base 5) to base 16
1c
b (base 14) to base 6
15
What is -6 (base 11) in base 8?
-6
Convert -11 (base 7) to base 11.
-8
What is 13 (base 6) in base 3?
100
-137 (base 8) to base 15
-65
Convert -1303 (base 4) to base 2.
-1110011
What is 18 (base 14) in base 13?
19
Convert -33 (base 15) to base 11.
-44
3 (base 6) to base 10
3
Convert -31 (base 8) to base 14.
-1b
Convert 93 (base 13) to base 10.
120
120 (base 4) to base 14
1a
Convert 131 (base 6) to base 11.
50
What is -333 (base 5) in base 3?
-10110
Convert 23 (base 15) to base 3.
1020
Convert -2 (base 10) to base 9.
-2
Convert 254 (base 7) to base 13.
a7
What is 54 (base 6) in base 4?
202
-3 (base 10) to base 8
-3
Convert -1111 (base 2) to base 8.
-17
-b (base 15) to base 14
-b
What is 3 (base 7) in base 10?
3
What is 6 (base 9) in base 16?
6
Convert -12 (base 10) to base 12.
-10
What is 0 (base 7) in base 11?
0
What is 11 (base 7) in base 9?
8
What is -13 (base 6) in base 3?
-100
What is -111 (base 2) in base 5?
-12
65 (base 11) to base 7
131
What is -2011 (base 4) in base 15?
-8d
Convert -33 (base 12) to base 13.
-30
Convert 49 (base 10) to base 14.
37
What is 1012 (base 3) in base 13?
26
Convert -83 (base 16) to base 6.
-335
2 (base 11) to base 16
2
Convert 0 (base 11) to base 8.
0
Convert 4 (base 9) to base 13.
4
3 (base 13) to base 8
3
Convert 1 (base 6) to base 11.
1
What is -4 (base 16) in base 2?
-100
2 (base 6) to base 13
2
What is 3 (base 16) in base 6?
3
What is -65 (base 7) in base 13?
-38
Convert -1 (base 6) to base 2.
-1
Convert 0 (base 12) to base 10.
0
Convert -110 (base 2) to base 16.
-6
Convert -28 (base 10) to base 9.
-31
3 (base 5) to base 2
11
Convert -11 (base 3) to base 9.
-4
4 (base 7) to base 13
4
a (base 16) to base 7
13
1 (base 8) to base 2
1
Convert 0 (base 12) to base 6.
0
Convert -1 (base 10) to base 6.
-1
What is 14 (base 8) in base 10?
12
Convert -1b (base 16) to base 8.
-33
-122 (base 15) to base 5
-2012
-190 (base 11) to base 5
-1340
Convert -1200 (base 3) to base 5.
-140
What is 313 (base 4) in base 3?
2001
What is 12 (base 4) in base 11?
6
Convert 5 (base 9) to base 5.
10
-10101 (base 3) to base 4
-1123
What is -11111110 (base 2) in base 11?
-211
-1 (base 10) to base 3
-1
-4 (base 6) to base 13
-4
Convert -42 (base 11) to base 9.
-51
Convert 338 (base 9) to base 12.
1b2
What is -4 (base 14) in base 7?
-4
8 (base 14) to base 15
8
Convert -13 (base 12) to base 11.
-14
-252 (base 7) to base 3
-12000
What is 11 (base 14) in base 12?
13
Convert 90 (base 15) to base 10.
135
Convert -2112 (base 3) to base 5.
-233
Convert -6 (base 8) to base 5.
-11
What is 33 (base 8) in base 5?
102
3 (base 10) to base 4
3
Convert 1110 (base 2) to base 15.
e
Convert -21 (base 5) to base 2.
-1011
-1 (base 14) to base 12
-1
-49 (base 15) to base 11
-63
What is -65 (base 7) in base 5?
-142
What is 1 (base 8) in base 10?
1
Convert -55 (base 8) to base 15.
-30
What is 32 (base 11) in base 14?
27
Convert -2 (base 4) to base 6.
-2
-202 (base 13) to base 15
-17a
-7 (base 13) to base 14
-7
What is -3c (base 13) in base 8?
-63
Convert 34 (base 12) to base 10.
40
-77 (base 10) to base 13
-5c
What is -123 (base 5) in base 10?
-38
1101 (base 2) to base 5
23
What is -3 (base 7) in base 4?
-3
What is -37 (base 8) in base 10?
-31
What is -47 (base 12) in base 7?
-106
Convert 5 (base 13) to base 2.
101
What is 3c (base 14) in base 13?
42
-4 (base 15) to base 4
-10
2 (base 13) to base 11
2
Convert 28 (base 16) to base 6.
104
-b (base 14) to base 8
-13
-3 (base 13) to base 9
-3
86 (base 10) to base 5
321
0 (base 16) to base 3
0
1 (base 6) to base 3
1
Convert -b (base 12) to base 11.
-10
1 (base 12) to base 3
1
What is 22 (base 3) in base 8?
10
What is 3 (base 15) in base 8?
3
What is 11211 (base 4) in base 11?
2a5
What is -15 (base 9) in base 3?
-112
What is 100002 (base 3) in base 16?
f5
Convert 0 (base 15) to base 5.
0
What is 1 (base 9) in base 15?
1
-b (base 14) to base 12
-b
Convert 21 (base 16) to base 5.
113
What is 79 (base 16) in base 14?
89
Convert 29 (base 16) to base 12.
35
2 (b